125
Calculate the greatest common divisor of 399250 and 20.
10
Calculate the highest common factor of 5 and 7615.
5
What is the highest common factor of 102 and 42262?
34
Calculate the highest common divisor of 896664 and 120.
24
What is the highest common divisor of 932 and 13747?
233
What is the greatest common factor of 2041 and 15229?
157
What is the greatest common divisor of 3725 and 13857?
149
Calculate the highest common factor of 319 and 2245441.
319
Calculate the greatest common divisor of 50 and 3447010.
10
Calculate the greatest common factor of 750 and 6330.
30
Calculate the highest common divisor of 30380 and 130.
10
Calculate the highest common factor of 374625 and 900.
225
Calculate the greatest common divisor of 378 and 548586.
54
What is the highest common divisor of 15933 and 7797?
339
What is the highest common factor of 6851 and 125953?
527
Calculate the greatest common factor of 27641 and 422.
211
Calculate the highest common divisor of 42525 and 3225.
75
What is the greatest common factor of 781 and 139089?
71
Calculate the greatest common factor of 13505 and 30.
5
Calculate the greatest common factor of 14 and 752948.
14
Calculate the highest common divisor of 2006 and 12682.
34
What is the highest common factor of 160589 and 143?
143
What is the greatest common factor of 14 and 192395?
7
Calculate the greatest common divisor of 750230 and 87.
29
What is the highest common divisor of 13271 and 2944?
23
Calculate the greatest common factor of 1533 and 36689289.
1533
What is the highest common factor of 2439036 and 84?
12
What is the highest common divisor of 46032 and 3780?
84
Calculate the highest common divisor of 7731 and 21.
3
What is the greatest common factor of 36 and 21184?
4
What is the highest common divisor of 312 and 95550?
78
What is the highest common divisor of 8590 and 10?
10
What is the highest common factor of 955 and 14893225?
955
Calculate the highest common divisor of 2502 and 851514.
834
What is the highest common divisor of 125 and 1510?
5
Calculate the greatest common factor of 55151 and 393.
131
Calculate the highest common factor of 679256 and 7092.
788
What is the highest common divisor of 75 and 4475?
25
What is the greatest common divisor of 420 and 23415?
105
Calculate the greatest common divisor of 1463 and 6346.
19
What is the greatest common factor of 220110 and 1380?
690
Calculate the highest common divisor of 9255 and 6675.
15
Calculate the greatest common factor of 801 and 1917.
9
Calculate the highest common factor of 2650 and 504950.
50
Calculate the greatest common factor of 38 and 275386.
38
What is the greatest common divisor of 525 and 6612900?
525
Calculate the highest common factor of 149040 and 35856.
432
What is the highest common factor of 510345 and 110?
55
Calculate the greatest common divisor of 183573 and 2691.
117
What is the greatest common factor of 32 and 859736?
8
Calculate the highest common factor of 230337 and 5643.
513
What is the greatest common divisor of 21508 and 190?
38
What is the greatest common factor of 23855 and 325?
65
What is the greatest common divisor of 44775 and 2475?
225
What is the greatest common divisor of 59301 and 22?
11
Calculate the greatest common divisor of 2612 and 2332.
4
Calculate the greatest common factor of 48960 and 704.
64
Calculate the greatest common divisor of 28676 and 1070.
214
What is the greatest common divisor of 715 and 60970?
65
Calculate the greatest common factor of 216 and 1547352.
72
Calculate the greatest common divisor of 366 and 66002.
122
What is the highest common divisor of 356094 and 1022?
146
Calculate the highest common divisor of 4810 and 3034.
74
What is the greatest common divisor of 87 and 85341?
3
What is the highest common factor of 6490 and 46610?
590
Calculate the highest common divisor of 296628 and 532.
76
Calculate the greatest common divisor of 521468 and 4.
4
Calculate the highest common divisor of 64 and 288448.
64
Calculate the greatest common factor of 90 and 13281300.
90
What is the greatest common factor of 24640 and 630?
70
Calculate the highest common divisor of 1184 and 1184296.
296
What is the highest common factor of 30 and 5415?
15
Calculate the greatest common divisor of 2412750 and 750.
750
What is the greatest common factor of 850 and 1690?
10
Calculate the highest common factor of 8662 and 10863.
71
Calculate the greatest common factor of 119163 and 506.
253
What is the greatest common factor of 1433276 and 260?
52
What is the highest common divisor of 13846 and 2852?
46
Calculate the greatest common factor of 50285 and 55180.
445
Calculate the highest common divisor of 74 and 53058.
74
What is the greatest common divisor of 1548 and 8162604?
1548
Calculate the highest common divisor of 105148 and 813.
271
Calculate the highest common divisor of 3 and 16294.
1
What is the greatest common factor of 169 and 3991?
13
Calculate the greatest common factor of 229740 and 154.
14
What is the greatest common factor of 175731 and 57?
57
What is the greatest common factor of 226 and 31979?
113
What is the greatest common divisor of 170 and 4913?
17
What is the greatest common factor of 13905 and 14523?
309
What is the greatest common divisor of 450 and 187740?
90
What is the greatest common factor of 241717 and 147?
49
What is the highest common factor of 167228 and 1261?
97
What is the highest common factor of 4453 and 8418?
61
What is the greatest common factor of 465 and 67611?
93
What is the highest common divisor of 509 and 828143?
509
Calculate the greatest common factor of 42 and 202706.
14
What is the highest common factor of 210565 and 161?
23
What is the highest common divisor of 962 and 1020386?
74
Calculate the highest common factor of 1932 and 354900.
84
Calculate the greatest common divisor of 142 and 27122.
142
What is the greatest common factor of 1152 and 13296?
48
What is the highest common divisor of 1450548 and 324?
324
What is the greatest common factor of 2156 and 192808?
308
What is the greatest common factor of 812 and 1980468?
812
Calculate the greatest common factor of 453 and 153416.
151
Calculate the greatest common factor of 792 and 1611.
9
Calculate the highest common factor of 3496516 and 212.
212
Calculate the highest common divisor of 3465 and 30646.
77
What is the greatest common divisor of 70740 and 27?
27
What is the highest common factor of 750711 and 156?
39
Calculate the greatest common factor of 67 and 1090291.
67
What is the highest common factor of 5065 and 85?
5
What is the highest common factor of 481305 and 990?
165
Calculate the greatest common factor of 1254 and 13186.
38
Calculate the greatest common factor of 137276 and 10.
2
What is the highest common divisor of 667095 and 15?
15
Calculate the highest common factor of 255 and 250495.
85
Calculate the highest common factor of 256 and 129280.
256
What is the highest common divisor of 7 and 32359?
1
Calculate the greatest common divisor of 10050 and 4776.
6
What is the greatest common factor of 1512 and 1184652?
756
What is the highest common factor of 122 and 4160322?
122
Calculate the highest common factor of 701 and 268483.
701
What is the greatest common factor of 93415 and 4710?
785
Calculate the greatest common factor of 187880 and 1474.
22
What is the highest common divisor of 3626 and 148?
74
What is the highest common divisor of 132194 and 5052?
842
What is the greatest common divisor of 3105 and 35370?
135
What is the greatest common factor of 12100 and 11605?
55
Calculate the highest common factor of 1512 and 365400.
504
Calculate the greatest common divisor of 3 and 12981.
3
Calculate the greatest common divisor of 43412 and 124.
4
What is the greatest common divisor of 839424 and 3072?
768
Calculate the greatest common divisor of 46 and 108353.
23
Calculate the greatest common factor of 335830 and 473.
473
Calculate the greatest common factor of 486 and 8154.
54
What is the greatest common divisor of 287 and 2634947?
287
Calculate the greatest common divisor of 3393 and 247.
13
Calculate the greatest common factor of 720401 and 10428.
869
What is the highest common divisor of 96 and 21024?
96
Calculate the greatest common divisor of 588 and 6996.
12
What is the greatest commo